{"id":1297,"date":"2024-07-05T18:32:28","date_gmt":"2024-07-05T16:32:28","guid":{"rendered":"https:\/\/sekelskiftesdagarna.se\/?page_id=1297"},"modified":"2024-07-31T15:24:42","modified_gmt":"2024-07-31T13:24:42","slug":"hyra-klader","status":"publish","type":"page","link":"http:\/\/sekelskiftesdagarna.se\/sv_se\/hyra-klader\/","title":{"rendered":"Sekelskiftesdagarnas kl\u00e4dkollektion"},"content":{"rendered":"\n<p>Vill du hyra n\u00e5gon av v\u00e5ra vackra sekelskiftes kl\u00e4nningar? H\u00e4r nedan kan du se hela kollektionen.<\/p>\n\n\n\n<div data-wp-interactive=\"core\/file\" class=\"wp-block-file\"><object data-wp-bind--hidden=\"!state.hasPdfPreview\" hidden class=\"wp-block-file__embed\" data=\"https:\/\/sekelskiftesdagarna.se\/wp-content\/uploads\/2024\/07\/Kladkollektion-sekel-2.pdf\" type=\"application\/pdf\" style=\"width:100%;height:600px\" aria-label=\"Inb\u00e4ddning av Kladkollektion-sekel-2.\"><\/object><a id=\"wp-block-file--media-eff2743c-e090-41e5-885b-e518fdec6570\" href=\"https:\/\/sekelskiftesdagarna.se\/wp-content\/uploads\/2024\/07\/Kladkollektion-sekel-2.pdf\">Kladkollektion-sekel-2<\/a><a href=\"https:\/\/sekelskiftesdagarna.se\/wp-content\/uploads\/2024\/07\/Kladkollektion-sekel-2.pdf\" class=\"wp-block-file__button wp-element-button\" download aria-describedby=\"wp-block-file--media-eff2743c-e090-41e5-885b-e518fdec6570\">Ladda ner<\/a><\/div>\n","protected":false},"excerpt":{"rendered":"<p>Vill du hyra n\u00e5gon av v\u00e5ra vackra sekelskiftes kl\u00e4nningar? H\u00e4r nedan kan du se hela kollektionen.<\/p>\n","protected":false},"author":3,"featured_media":0,"parent":0,"menu_order":0,"comment_status":"closed","ping_status":"closed","template":"","meta":{"_oct_exclude_from_cache":false,"footnotes":""},"class_list":["post-1297","page","type-page","status-publish","hentry"],"_links":{"self":[{"href":"http:\/\/sekelskiftesdagarna.se\/sv_se\/wp-json\/wp\/v2\/pages\/1297","targetHints":{"allow":["GET"]}}],"collection":[{"href":"http:\/\/sekelskiftesdagarna.se\/sv_se\/wp-json\/wp\/v2\/pages"}],"about":[{"href":"http:\/\/sekelskiftesdagarna.se\/sv_se\/wp-json\/wp\/v2\/types\/page"}],"author":[{"embeddable":true,"href":"http:\/\/sekelskiftesdagarna.se\/sv_se\/wp-json\/wp\/v2\/users\/3"}],"replies":[{"embeddable":true,"href":"http:\/\/sekelskiftesdagarna.se\/sv_se\/wp-json\/wp\/v2\/comments?post=1297"}],"version-history":[{"count":0,"href":"http:\/\/sekelskiftesdagarna.se\/sv_se\/wp-json\/wp\/v2\/pages\/1297\/revisions"}],"wp:attachment":[{"href":"http:\/\/sekelskiftesdagarna.se\/sv_se\/wp-json\/wp\/v2\/media?parent=1297"}],"curies":[{"name":"wp","href":"https:\/\/api.w.org\/{rel}","templated":true}]}}

Sekelskiftesdagarnas klädkollektion

<p>Vill du hyra någon av våra vackra sekelskiftes klänningar? Här nedan kan du se hela kollektionen.</p>



<div data-wp-interactive="core/file" class="wp-block-file"><object data-wp-bind--hidden="!state.hasPdfPreview" hidden class="wp-block-file__embed" data="https://sekelskiftesdagarna.se/wp-content/uploads/2024/07/Kladkollektion-sekel-2.pdf" type="application/pdf" style="width:100%;height:600px" aria-label="Inbäddning av Kladkollektion-sekel-2."></object><a id="wp-block-file--media-eff2743c-e090-41e5-885b-e518fdec6570" href="https://sekelskiftesdagarna.se/wp-content/uploads/2024/07/Kladkollektion-sekel-2.pdf">Kladkollektion-sekel-2</a><a href="https://sekelskiftesdagarna.se/wp-content/uploads/2024/07/Kladkollektion-sekel-2.pdf" class="wp-block-file__button wp-element-button" download aria-describedby="wp-block-file--media-eff2743c-e090-41e5-885b-e518fdec6570">Ladda ner</a></div>

<p>Vill du hyra någon av våra vackra sekelskiftes klänningar? Här nedan kan du se hela kollektionen.</p>
